2b
In base 11, what is 6 - 3?
3
In base 13, what is 2 + c0?
c2
In base 3, what is -120 - -222?
102
In base 15, what is 5 + -9?
-4
In base 15, what is -3 + -11b?
-11e
In base 13, what is 71 + 0?
71
In base 4, what is 110010 + -1?
110003
In base 11, what is -10 + 80?
70
In base 3, what is -121200020 + -2?
-121200022
In base 6, what is 0 + 14?
14
In base 16, what is -6e + 1?
-6d
In base 12, what is -121 + 2?
-11b
In base 11, what is 122 - 1?
121
In base 13, what is -199 + -3?
-19c
In base 3, what is 0 + 101200?
101200
In base 12, what is 1 - 27?
-26
In base 8, what is 20 + 134?
154
In base 2, what is -1001 - 11111111001?
-100000000010
In base 9, what is -1 + -2684?
-2685
In base 5, what is -14 - 103?
-122
In base 2, what is 100 + -110?
-10
In base 14, what is 1 - b4?
-b3
In base 11, what is 1318 - 4?
1314
In base 3, what is 10 - -1212?
1222
In base 5, what is 113 + 21?
134
In base 2, what is -100111100010 - 110?
-100111101000
In base 15, what is b4 - -10?
c4
In base 3, what is -1121 - 1?
-1122
In base 9, what is 0 + 412?
412
In base 6, what is -303 - -235?
-24
In base 12, what is -9 + 7?
-2
In base 5, what is -24 - 3442?
-4021
In base 7, what is 22 - 1153?
-1131
In base 5, what is -33 - -100?
12
In base 13, what is 8 + -2953?
-2948
In base 13, what is -1 - 20?
-21
In base 8, what is -13 - -47?
34
In base 2, what is 11 + 10100010110?
10100011001
In base 4, what is 2 - -1012110?
1012112
In base 6, what is 1 + 2404?
2405
In base 5, what is 1213 + -11?
1202
In base 13, what is c - 3c?
-30
In base 11, what is -27 - 1?
-28
In base 16, what is 4 + c?
10
In base 7, what is 3 + 2631?
2634
In base 8, what is -745 + 36?
-707
In base 8, what is 271 + 4?
275
In base 15, what is -8a8 + 8?
-8a0
In base 11, what is 3 + -892?
-88a
In base 15, what is 0 - 2?
-2
In base 3, what is -10200 + -12?
-10212
In base 5, what is -204 - 4?
-213
In base 14, what is -b + 14?
7
In base 4, what is -2223 + 2?
-2221
In base 6, what is -205 - -3?
-202
In base 3, what is 1012 - -21?
1110
In base 6, what is -5022 + -2?
-5024
In base 3, what is 11011 + 11?
11022
In base 2, what is 10010111101 - -11100?
10011011001
In base 12, what is 0 - 33?
-33
In base 6, what is -3 - 124?
-131
In base 12, what is 1845 + 5?
184a
In base 13, what is a - 307?
-2ca
In base 7, what is -1 + -15?
-16
In base 7, what is 6524 + -10?
6514
In base 16, what is -a94e + -1?
-a94f
In base 9, what is 4 - 253?
-248
In base 8, what is -51 - -22?
-27
In base 3, what is 2200221 - -20?
2201011
In base 7, what is 2650 + 3?
2653
In base 5, what is 12401 - -14?
12420
In base 9, what is 0 + 171?
171
In base 3, what is -11112 + 0?
-11112
In base 3, what is 12 + 2122?
2211
In base 9, what is 17 + 42?
60
In base 7, what is 0 + 5252?
5252
In base 3, what is -121 - -12?
-102
In base 7, what is -2 + -164?
-166
In base 13, what is -1 + -66?
-67
In base 11, what is -1 - -3a?
39
In base 3, what is -21 - 11?
-102
In base 16, what is -76 - 33?
-a9
In base 13, what is -62 + 6?
-59
In base 4, what is -10223311 + -10?
-10223321
In base 8, what is -22 + -76?
-120
In base 5, what is -1142 - -1?
-1141
In base 16, what is 1 - -11?
12
In base 10, what is 233 + 0?
233
In base 13, what is -1 - -821?
820
In base 8, what is -3 - -1230?
1225
In base 11, what is -109 - -13?
-a6
In base 8, what is -15 + -1?
-16
In base 12, what is 1 + 13b9?
13ba
In base 11, what is 5 + 45?
4a
In base 9, what is -16 + -120?
-136
In base 5, what is -20 - -2043?
2023
In base 7, what is 51 - -10?
61
In base 14, what is a - 140?
-134
In base 13, what is -ab + 0?
-ab
In base 11, what is 14 - -148?
161
In base 6, what is -5 + 1240?
1231
In base 3, what is -21 - -112?
21
In base 9, what is -1743 - -20?
-1723
In base 5, what is 30140 - 1?
30134
In base 4, what is 0 + -133?
-133
In base 15, what is -1b - -41?
25
In base 5, what is -4 + -212?
-221
In base 6, what is -235 + 20?
-215
In base 13, what is -4 + -24c2?
-24c6
In base 5, what is 1 - -444?
1000
In base 2, what is 1 - -10?
11
In base 5, what is 32241 - -4?
32300
In base 13, what is -4 + 61?
5a
In base 10, what is -337 - 14?
-351
In base 13, what is -94 - -28?
-69
In base 10, what is -171 + -5?
-176
In base 3, what is 102 + -202?
-100
In base 15, what is 3 + -26?
-23
In base 2, what is -10110 - 1001110111?
-1010001101
In base 13, what is 52b + -2?
529
In base 16, what is -429 + 4?
-425
In base 15, what is -5 - 30?
-35
In base 6, what is 43 + 12?
55
In base 11, what is -2 - 973?
-975
In base 16, what is -15 - 2?
-17
In base 7, what is 1 - 166?
-165
In base 13, what is 66 - -69?
102
In base 16, what is 55 - 6?
4f
In base 16, what is 1 + -6?
-5
In base 3, what is 0 - -12002?
12002
In base 12, what is -4b - -175?
126
In base 9, what is 10 - -185?
205
In base 7, what is -2555 + -1?
-2556
In base 15, what is 4 - 1e6?
-1e2
In base 8, what is 32 - 140?
-106
In base 3, what is 0 + 22000?
22000
In base 12, what is -3 + -16?
-19
In base 4, what is 0 + -11222?
-11222
In base 7, what is 104 - 0?
104
In base 8, what is -36 + 15?
-21
In base 7, what is -10 + -24?
-34
In base 5, what is 302 + 211?
1013
In base 5, what is 123 + 30?
203
In base 13, what is 0 + 18?
18
In base 13, what is -19b0 + -2?
-19b2
In base 13, what is -14 - 1a?
-31
In base 15, what is 16 - 50?
-39
In base 6, what is 123 - -2?
125
In base 5, what is 2210 - 0?
2210
In base 3, what is 10 + -1001?
-221
In base 16, what is -78 - -e6?
6e
In base 8, what is 26 + 77?
125
In base 10, what is 0 + -31?
-31
In base 4, what is 113 + 223?
1002
In base 15, what is -2414 + -3?
-2417
In base 15, what is c - -c?
19
In base 12, what is 11 - 433?
-422
In base 6, what is -5 + 1025?
1020
In base 7, what is -2310 + -5?
-2315
In base 15, what is -5c + -1a?
-77
In base 14, what is -12 + 0?
-12
In base 15, what is 2 + -d2?
-d0
In base 7, what is -130 - -61?
-36
In base 11, what is 93 - 4?
8a
In base 7, what is -61 + 141?
50
In base 10, what is 2731 - -3?
2734
In base 11, what is 0 - -5389?
5389
In base 12, what is 5 + 99?
a2
In base 15, what is -1 - 10?
-11
In base 16, what is -5 + -cb?
-d0
In base 7, what is -141 + 5?
-133
In base 14, what is -8 - -4?
-4
In base 11, what is 8 + -123?
-116
In base 10, what is 35 + -3?
32
In base 8, what is 4 + -3?
1
In base 11, what is 1a9 - -12?
210
In base 9, what is 3 + 53?
56
In base 7, what is 41 + -3?
35
In base 12, what is -7 + -7b0?
-7b7
In base 13, what is -c9 + 3?
-c6
In base 8, what is 1353 - 3?
1350
In base 4, what is -13 - 30301?
-30320
In base 8, what is -46 + -7?
-55
In base 16, what is -63bd - -1?
-63bc
In base 13, what is -3 - -35?
32
In base 14, what is -95 + 0?
-95
In base 11, what is 0 + 462?
462
In base 15, what is e7 + -4?
e3
In base 15, what is 1e + 36?
55
In base 15, what is -1b - 2b?
-47
In base 10, what is 4 + -4210?
-4206
In base 3, what is -1222 + -121?
-2120
In base 12, what is -1b9 + -2?
-1bb
In base 4, what is -10 - 113?
-123
In base 12, what is -11a13 + -1?
-11a14
In base 6, what is -240 + 2?
-234
In base 9, what is -3423 + -5?
-3428
In base 5, what is 0 - -121312?
121312
In base 14, what is 20 + 5?
25
In base 3, what is -11 - 110?
-121
In base 7, what is -5 + 165?
160
In base 8, what is -11040 - -4?
-11034
In base 12, what is 0 + 104?
104
In base 8, what is 3776 + -1?
3775
In base 9, what is 0 + 3858?
3858
In base 14, what is 54d + -13?
53a
In base 10, what is 42 - -180?
222
In base 12, what is -16a + -3?
-171
In base 6, what is -1 - -14?
13
In base 13, what is 2989 + 4?
2990
In base 10, what is 1243 - -18?
1261
In base 14, what is 41 - -4?
45
In base 8, what is 220 - -25?
245
In base 12, what is 106 - -10?
116
In base 6, what is 0 - 42131?
-42131
In base 9, what is 34 + 7?
42
In base 5, what is -3 - 342?
-400
In base 2, what is -11 + 11011111100?
11011111001
In base 8, what is -1110 - 4?
-1114
In base 14, what is 1d + 65?
84
In base 16, what is -31 - -14?
-1d
In base 12, what is -2b - 18?
-47
In base 5, what is 414130 - 0?
414130
In base 16, what is 9 - 1f?
-16
In base 12, what is 10bb + -5?
10b6
In base 12, what is -9 - -100?
b3
In base 14, what is 5 - -549?
550
In base 7, what is 2 - -310?
312
In base 7, what is 3 - 34?
-31
In base 4, what is 11 + 3212?
3223
In base 11, what is 2 + -62?
-60
In base 11, what is 84 + 1?
85
In base 11, what is 139 + 4?
142
In base 11, what is -4 - 784?
-788
In base 11, what is -3 + -65?
